 + (-1393)/3*-1 prime?
True
Suppose 5*c + 10 = -3*y, -5*y = -5*c + c - 45. Let d(s) = 11*s**2 - 14*s - 2. Is d(y) a prime number?
False
Let g(r) = r**3 + 5*r**2 + 10*r + 7. Let n be g(5). Let m = n + 2574. Is m a prime number?
False
Suppose -9175 = -5*t + 5*s, 2*t = -4*s + 3275 + 395. Suppose 2374 + t = -3*y. Let a = -640 - y. Is a a composite number?
True
Let v(j) = -3002*j + 333. Is v(-12) composite?
True
Let t = 3432 + -856. Let b = t - -3015. Is b composite?
False
Let d = 568498 + -264681. Is d a prime number?
True
Let b = 54 - 9. Suppose z + 2*z - 2*f = -8, 5*z = -3*f - b. Is -1 - 9249/z - (-2)/4 prime?
False
Let f be 18 + ((-18)/45 - 27/(-5)). Let o(y) = 144*y - 41. Is o(f) a composite number?
False
Suppose d = 2*d - 2*r - 942, 4*r = 5*d - 4692. Let c = d + -282. Let u = c - 247. Is u a composite number?
True
Let r = 675 + -223. Suppose g + 4*i + r - 3379 = 0, -5*i = -5. Is g a composite number?
True
Let m(x) = -92236*x**3 - 23*x**2 - 39*x - 1. Is m(-2) a prime number?
True
Suppose 1952511 = 2*i + 5*h, -3258745 = -3*i + 4*h - 329898. Is i a prime number?
False
Let q(b) = b**3 + 12*b**2 - 11*b + 31. Let u be q(-13). Suppose -7*v = -u*v - 114648. Suppose 0 = -3*t - 9*t + v. Is t a prime number?
False
Is 256/(-256)*(1 - (22531 + 2/2)) a prime number?
True
Let t = -85 - -89. Suppose -3*i + t*a = -5*i + 7190, 0 = -4*a - 16. Is i a prime number?
False
Suppose 5*c - 2761 = -j, -2*c - 89*j = -85*j - 1090. Let v(u) = u**2 + 6*u + 4. Let h be v(-6). Is ((h + -5)*c)/(1*-1) prime?
False
Let t(r) = -5 - 3 + 7 + r + 4*r**2. Let a be t(-1). Suppose -14*h + 1788 = -a*h. Is h prime?
True
Suppose 291 + 39 = 2*n. Is n/(-110)*26630/(-3) a prime number?
False
Let j(l) = 6*l - 20. Let t be j(26). Is (-5 - t/(-24))/(2/753) a prime number?
True
Let q = 4 + -7. Let n(z) be the second derivative of 89*z**4/6 + 5*z**3/6 + 7*z**2/2 + 4*z. Is n(q) composite?
True
Let b(j) = -j + 5. Let x be b(0). Suppose -4*w - x*d + 28 = 0, 0 = -5*w + d + 3*d - 6. Suppose -2*o - 3*t = -489, -w*t + 546 = 2*o + 62. Is o prime?
False
Let k = -54 + 199. Let o be (-1)/3 + 167*k/15. Let c = o + -763. Is c composite?
True
Let r(g) = -160*g**3 - 8*g - 17. Let d be r(-3). Let c be 2*(0 + 6/4). Suppose -4*s + d = -c*b + 2*b, 0 = 5*s + 4*b - 5414. Is s a prime number?
False
Suppose 1081654 = -71*i + 46*i + 39*i. Is i prime?
True
Is (-35194)/8*(-7 - 5) a prime number?
False
Let a be (-26)/26*(-1 + 2) - 1. Is (-3 - a)/(3/(-49485)) composite?
True
Let h be (0 - (-1754)/(-4))/(17/(-510)). Suppose 0 = 16*c - c - h. Is c prime?
True
Let b = -650243 - -980250. Is b prime?
False
Is 65457 + -14 + (-6)/(-2) - -5 prime?
False
Suppose -3740937 - 1516001 = -82*z. Is z prime?
True
Suppose -2*d + 96 = 4*r, 11*r - 6*r - 180 = -4*d. Suppose d*m - 22975 = 15*m. Is m prime?
True
Let f(c) = -3*c**2 + 13*c - 1. Let l be f(4). Suppose -5*b - 2*h = -10809, l*h + 2324 = -4*b + 10974. Is b composite?
False
Suppose 5*p - q = 139845, 4*p + 4*q - 3667 = 108185. Suppose 1208 = -24*c + p. Is c composite?
True
Let l = 99 + -117. Is (l + 13)*(-1556)/5 - 1 composite?
True
Suppose 3*q - 21 = -2*l, -4*q = -16 - 4. Is 9/(-12)*(-13964)/l prime?
True
Let a be -1 - (-2 + (1 - 3)). Suppose -3*w = 3*w - a*w. Suppose 3*j = -0*j + 3*i + 423, w = -j - 5*i + 141. Is j a prime number?
False
Suppose 6*m - 4*q = 3*m - 8, -4*m + 4*q = 16. Is (3 - 6660/m)/((-24)/(-32)) a composite number?
True
Suppose -226985 = 1799*c - 1804*c. Is c composite?
True
Let h(r) = -4*r + 41. Let l be h(9). Suppose l*b - 3*k - 5590 = -6*k, b - 1101 = -4*k. Is b prime?
False
Let a(i) = 23*i**2 - 57*i - 280. Is a(-23) a prime number?
False
Suppose 366*z - 14757024 = 334*z. Is z prime?
False
Let w(f) = 582*f**2 + 16*f + 98. Let l = 553 - 559. Is w(l) composite?
True
Suppose 3*v + 6 = 0, -3*b - 27 - 2 = 4*v. Let q be (-77378)/b + (-1)/(-1). Is q/7 + 20/(-70) prime?
True
Let w(a) = -3396*a**3 + 3*a**2 + 81*a + 255. Is w(-3) prime?
False
Let v(u) = 34*u - 70. Let m be v(13). Let n = m - 137. Is n prime?
False
Let b be -2 + ((-17)/(-5) + -3)*20. Let m(f) = 47*f**2 - 62*f + 2. Let j(t) = 16*t**2 - 21*t + 1. Let s(a) = b*m(a) - 17*j(a). Is s(-8) a composite number?
True
Let m(s) = -225*s**2 - 12*s + 10. Let t(b) = b**2 - b. Let c(i) = m(i) - 6*t(i). Let l(a) = 116*a**2 + 3*a - 5. Let w(p) = -4*c(p) - 7*l(p). Is w(6) prime?
False
Suppose 4*x = 3*x - 5*w + 75, 0 = 3*x + 4*w - 181. Let v be ((-2)/1 + 1)/(5/x). Let l = v - -382. Is l composite?
True
Let m(k) = k**2 - 44*k + 123. Let p be m(41). Suppose 12*s + 2279 - 14867 = p. Is s a composite number?
False
Let b = 329388 + 77785. Is b composite?
True
Suppose 28 = o + 22. Let r be (3/o)/(2/16). Suppose m = -r*x + 4598, 5*m + 0*m = x - 1139. Is x a prime number?
False
Suppose 333 = -4*r + 85. Let a = 269 - r. Is a composite?
False
Let p(n) = 5*n + 60. Let t be (-4)/6*-11*(-3)/2. Let o be p(t). Suppose -3*g = 2*w - 5159, 5*w = -g + o*g + 12955. Is w a prime number?
False
Let b(d) = -2958*d**2 + 17*d - 73. Let q be b(4). Let r = q + 80170. Is r composite?
True
Let h = 221078 - 118317. Is h prime?
True
Let q = -523992 + 1311931. Is q prime?
True
Suppose -8 = -10*i + 6*i. Suppose -o + 3*w + 11 = -0*w, i*w + 4 = 0. Suppose o*s = r + 714, 2*s = 5*s + r - 430. Is s composite?
True
Suppose -235042 - 252958 = -8*t + 195080. Is t a composite number?
True
Suppose -4*p + 77 + 83 = 0. Let o = -37 + p. Suppose -2*q + f + 937 = -2*f, -3*q - o*f = -1398. Is q composite?
False
Let w(i) = -11437*i - 311. Is w(-6) a composite number?
False
Let f(m) = -801*m**3 + 3*m**2 + 22*m - 1. Is f(-3) prime?
True
Let c = -100216 - -483551. Is c prime?
False
Let v be 45*(-2 + 40/25). Let f be (-1)/1*(15 + v). Suppose 0 = f*o - 601 - 626. Is o a composite number?
False
Let l = -208 + 875. Suppose 539 = w + 83. Let z = l - w. Is z a composite number?
False
Suppose 29 = 5*d - 21. Let s(h) = -495 - 3*h**2 - 22*h + 6*h**2 + 498. Is s(d) a prime number?
True
Suppose -2*g - 3*v + 0*v = 68, 4*v = 3*g + 136. Let i = -37 - g. Suppose j - i*n - 290 = -j, 2*n + 145 = j. Is j a prime number?
False
Let b(l) = -l**2 + 1081*l - 141. Is b(38) prime?
False
Let h = 512 + 137937. Is h a prime number?
True
Let g = 1166365 - 432758. Is g prime?
False
Let s = 14 - 8. Let f be (1/3)/(s/468). Suppose -4*i = y - 241, -y - f = 2*i - 275. Is y a prime number?
True
Let j = 35 - 24. Suppose -i + j*i - 28580 = 0. Suppose -i - 1397 = -5*t. Is t a composite number?
True
Let s be (10/8)/((-105)/(-20) - 5). Suppose -s*q = -2355 - 12250. Is q composite?
True
Suppose -28*r + 4*q = -27*r - 91739, -2*q - 366984 = -4*r. Is r composite?
True
Suppose 2*y = 3*y + 5*m - 27, -4*y = 5*m - 183. Let h = y - 76. Is (-5042)/(-8) - 7/(224/h) a composite number?
False
Let m(b) = -2065*b - 974. Let l be m(-7). Let z = 2244 - -2151. Suppose -l + z = -14*a. Is a a composite number?
True
Suppose 2*j - 7*q - 5032 = -3*q, 5*q + 10 = 0. Suppose 0 = 3*i - 7*i + j. Suppose -3*p + i = -0*p - d, -5*p + 3*d + 1040 = 0. Is p composite?
False
Suppose -3*f - 8*c + 5130051 = 2*c, -3*c = -f + 1710017. Is f a composite number?
False
Suppose 7*z = 5*z + 4. Suppose -6 = k + z*k, -5*t - 1 = 3*k. Is (4 - (4 + t))/(1/(-77)) a composite number?
True
Suppose -2*l - 4*z = 16, 0 = -5*l - 3*z + 30 - 35. Suppose l*m = -11*m + 71123. Is m a prime number?
True
Suppose 23*s + 10850 = 16*s. Let q = -2605 - s. Let b = q - -1773. Is b a composite number?
True
Suppose 14365 = 5*d + v, d + 5*v = v + 2854. Suppose -20*w + d = -14*w. Is w a composite number?
False
Suppose 3212056 = 39*q - 1039787 - 1023180. Is q a composite number?
False
Suppose -24 = 4*k, -2*k = -41*y + 42*y - 60847. Is y a composite number?
False
Is ((-103360098)/(-123))/((0 + 4)/2) a prime number?
True
Let h = 51 - 48. Suppose h*r = -4*a - a + 18, 0 = 5*a - 2*r - 13. Let k(w) = 37*w**3 - 5*w**2 - 2*w - 1. Is k(a) a composite number?
False
Suppose 0 = -5*y + 2*a + 117531, -46*a = -49*a + 6. Is y prime?
False
Let u(x) = 5*x**2 - 6*x - 7. Let b be u(-1). Is b/((-16)/(-6522))*16/12 a prime number?
False
Let z(a) = -15861*a - 10966. Is z(-5) composite?
True
Let a(c) = c**2 + 11*c - 24. Let y be a(12). Let b = 503 + y. Is b a composite number?
True
Suppose 351*p - 283*p = 987292. Is p a prime number?
True
Is 4/22 - (48/30 + (-37638879)/165) a composite number?
False
Suppose v = 2